13 - 0/w.
2, 19
Suppose -4*n + 6*n = -54. Suppose 1650*l = 1646*l + 160. Let v = n + l. What are the prime factors of v?
13
Let a(i) = -i - 9. Let d be a(7). Let x = 60 + d. Suppose 13*c - 11*c - x = 0. What are the prime factors of c?
2, 11
Let p = 253 + -255. List the prime factors of (38 - (-2 - p - -1))*7.
7, 37
Let t = -4010 - -14196. List the prime factors of t.
2, 11, 463
Let q(b) be the second derivative of 3*b**3/2 - 21*b**2/2 - 35*b. What are the prime factors of q(20)?
3, 53
Suppose -2*r = 2*a - 3148, 2*r - 148*a + 144*a = 3154. What are the prime factors of r?
3, 5, 7
Suppose -8*d - 31 + 55 = 0. Suppose -i + 979 = d*u, -i + u + 323 = -652. List the prime factors of i.
2, 61
Let m = -5695 + 14027. List the prime factors of m.
2, 2083
Suppose -s - 2*s = 7*s - 65410. List the prime factors of s.
31, 211
Suppose 44*a = -173835 + 760974 + 1375833. List the prime factors of a.
3, 4957
Suppose -4*l + 19 = -1, -5*b - 2*l + 143075 = 0. List the prime factors of b.
13, 31, 71
Let w = -36 - -170. Suppose 7*k - 60 - 157 = 0. Let l = w - k. List the prime factors of l.
103
Let h be 2 + (65/55 - (-2)/(-11)). Suppose i + y + h = -0*i, 2 = -2*i - 4*y. What are the prime factors of i/(10/(-4)) - 110/(-2)?
3, 19
Let r(y) = 1450*y**2 + 1705*y + 6814. List the prime factors of r(-4).
2, 11597
Suppose 0*d + 4*s - 157 = -5*d, 2*d - 49 = 3*s. Let t = d + 219. Suppose u + 90 = 4*k - t, -5*u - 430 = -5*k. List the prime factors of k.
2, 3, 7
Let a(v) be the second derivative of -v**5/20 + v**4/3 + v**3/6 - 7*v**2/2 - 27*v. Let z be a(4). List the prime factors of 125 + z/(-9)*0.
5
Let m = 84 + -77. Let h(c) = c**3 - 7*c**2 + 2*c - 9. Let r be h(m). Suppose -r*i - 4*w = -250, i + 17 - 48 = 3*w. List the prime factors of i.
2, 23
Let o(i) = 3*i - 66. Let c be o(8). List the prime factors of (-39 - c)/(2/74).
3, 37
Let g be (-627)/19 + (1*-5 - -1). Let a = g - -42. Suppose -4*q - a*l + l + 80 = 0, -l + 84 = 5*q. What are the prime factors of q?
2
Let i be 6/(-8) + -1 - 1/4. Let n be (i/(-5))/1*-250. What are the prime factors of (n/16)/(1/(-12))?
3, 5
Suppose 21*w - 54870 = -9*w. What are the prime factors of w?
31, 59
Suppose -54*i + 102048 = -51*i - 2*p, 4*i + 6*p - 136116 = 0. List the prime factors of i.
2, 3, 5, 7
Let z be (162/(-12))/((-15)/80). What are the prime factors of (-241)/(-2) + (-36)/z?
2, 3, 5
Suppose -191*m + 186*m - 130585 = -5*k, -3*m - 12 = 0. List the prime factors of k.
26113
Let a(p) = -69*p**3 + p**2 + 6*p + 25. What are the prime factors of a(-3)?
1879
Suppose 196 = 14*s - 0*s. Suppose -21 - 7 = 5*u - 4*c, c = -4*u - s. What are the prime factors of u/10 + 2292/30?
2, 19
Suppose -6*n + 36 = -n + 4*l, 2*n - 20 = -3*l. Let z(c) = n + c**2 + 11*c - 8 + 22. List the prime factors of z(-13).
2, 11
Let r = -98 + 138. Let d be (-22)/(-26) - r/(-260). List the prime factors of (-26)/8*(-46 + 2/d).
11, 13
Let h = 565 + -574. Let q(i) = 12*i**2 + 36*i - 4. What are the prime factors of q(h)?
2, 7, 23
Suppose -328*s = -381*s + 53. Let g(f) = -11*f**2 + f - 3. Let c be g(5). What are the prime factors of s/2*0 + c/(-3)?
7, 13
Suppose -l = -2*i - 31193, 6*l + 5*i - 170650 - 16457 = 0. List the prime factors of l.
13, 2399
Let n(l) = 79*l + 49. Let p = 23 - 18. List the prime factors of n(p).
2, 3, 37
Let f(c) = 92*c**2 + 96*c + 719. List the prime factors of f(-15).
19979
Suppose -7*z + 10*a = -3*z - 9720, -9720 = -4*z + 5*a. What are the prime factors of z?
2, 3, 5
Let r(a) = -2*a**2 + a + 10. Let i be r(-7). Let u be 20/(-5) + 0 - i. Let q = -58 + u. List the prime factors of q.
3, 11
Suppose 5*c - 2*x = 44, -2*x = -3*c + 4 + 20. List the prime factors of -2*(-91 - (c - 4)).
2, 97
Let k(m) = 3*m + 4*m + 29 - m + m**3 - 26 + 6*m**2. Let c be k(-5). Let a(g) = -5*g**3 - g**2 - 2*g - 3. What are the prime factors of a(c)?
37
Let j = 69 + -41. Suppose 2*o - i = 21, -o - 3*i + 0*i = -j. Suppose 0 = 3*z - 0*w + 4*w - 115, o = z - 5*w. List the prime factors of z.
3, 11
What are the prime factors of ((-2475)/50)/(-2 + -1)*(-91752)/(-18)?
2, 11, 3823
Let q be 2*(-103)/(-2)*1. Let l be 10*4/(-1)*(-4)/(-5). Let x = q + l. What are the prime factors of x?
71
Suppose 0 = -4*z - 4, 4*n + 5*z + 14 = n. Let t(l) = -3*l**3 - 2*l**2 + 2*l - 2. What are the prime factors of t(n)?
5, 11
Let c(y) = 201*y - 153. Let z(q) = 204*q - 152. Let b(a) = -5*c(a) + 4*z(a). List the prime factors of b(-4).
11, 83
Suppose 144*a - 141*a - 5*i - 71893 = 0, 3*a - 71907 = 3*i. What are the prime factors of a?
2, 3, 37
List the prime factors of (-8)/((-6 - (-210)/36)/61).
2, 3, 61
Let j(y) = -139*y**2 + 2*y - 5. Let d be j(1). List the prime factors of d/(-7 + (-171)/(-27)).
3, 71
Let k = 2264 + -1543. Suppose -k = -2*v - 3*p, -3*p = v - 2*v + 365. What are the prime factors of v?
2, 181
Let t = -15030 + 26009. What are the prime factors of t?
10979
Let k(p) = -62*p**2 - 4*p + 11. Let b be k(3). Let l = -341 - b. List the prime factors of l.
2, 109
Suppose -265 - 775 = 4*q. Let z be q/(-30) - (-2)/3*-1. Suppose 0 = -z*w + 9 + 31. List the prime factors of w.
5
Let f = 12271 + -10111. What are the prime factors of f?
2, 3, 5
Let s = 43 + -40. Suppose -3*u - 30 = s*u. What are the prime factors of u*1/(-20)*8?
2
Let w be 105/9*24/(-4)*1. What are the prime factors of (1 + w/21)*-246?
2, 7, 41
Let v(z) = -z**3 + 4*z**2 + 2*z - 33. Let w be v(-7). Let c = 1016 - w. List the prime factors of c.
2, 131
Suppose -4*m = 5*b + 69, 4*m + 19 = 3*b - 10. Let x(i) = -i - 7. Let t be x(m). Suppose -5*s = -4*g + 570, t*g - 552 = -5*s + s. List the prime factors of g.
2, 5, 7
Suppose 5*r - 1952 = -52*r + 3406. Suppose -q - 165 = 4*q. Let d = q + r. List the prime factors of d.
61
List the prime factors of ((-1030232)/84)/((-30)/18*2/5).
18397
Let a(d) = -4*d**3 - 17*d**2 - 49*d + 76. What are the prime factors of a(-18)?
2, 41, 229
Let g(n) be the third derivative of n**6/120 + 11*n**5/30 + n**4/24 + 16*n**3 - 333*n**2. List the prime factors of g(-22).
2, 37
Let y(d) = 21*d - 12. Let i be y(7). Suppose 4*w - 5569 = i. What are the prime factors of w?
2, 23, 31
Suppose -10653 - 8982 = -5*w + f, -2*w + f = -7854. What are the prime factors of w?
3, 7, 11, 17
Suppose -3*b + 4*h - 16 = -4*b, 4*b - 3*h = 7. What are the prime factors of 8/(b/(-88)*(-8)/12)?
2, 3, 11
Let h be (8 - 5) + (-14)/(-2) - -2. Suppose 4*s = -0*s - h, s = -4*g + 797. Let d = -93 + g. List the prime factors of d.
107
Suppose 7763 = 16*c - 66765. List the prime factors of c.
2, 17, 137
List the prime factors of 3 + -2 + 2*(27637 + 7).
13, 4253
Let h(z) = -6*z**2 + 8*z**3 - 3*z**3 + 7 - 7*z**3. Let y be h(-4). List the prime factors of y + 0/(1/1).
3, 13
Let j = -11947 + 28261. What are the prime factors of j?
2, 3, 2719
Suppose -12*f + 2*a + 18045 = -11*f, -4*a = 5*f - 90323. List the prime factors of f.
18059
Let k(v) = -87*v**3 - v**2 - 2*v + 2. Suppose -14*u = -19 + 5. Let d be k(u). List the prime factors of (-8 - d/12) + (-1468)/(-6).
2, 61
Suppose 0 = -17*a + 21*a - 19188. Suppose -5*r + 54 = -i + 1009, 5*i - 3*r = a. Suppose 11*f = 5*f + i. List the prime factors of f.
2, 5
Let p(z) = -z**3 + 15*z**2 - 29*z + 17. Let l be p(13). Let x(j) be the third derivative of -j**4/8 - 14*j**3/3 - 3*j**2. What are the prime factors of x(l)?
2, 19
Suppose 59*z - 505720 = -35*z. What are the prime factors of z?
2, 5, 269
Let b(s) = -162*s + 113*s + 59*s + 1. Suppose 2*p - 30 = -3*w - 0, 2*w - 33 = 3*p. What are the prime factors of b(w)?
11
Let c(r) be the third derivative of -13*r**4/24 + 243*r**3/2 - 100*r**2. What are the prime factors of c(0)?
3
Suppose 2*j - 10052 - 12854 = -4*b, -3*b + 3*j + 17175 = 0. What are the prime factors of b?
2, 7, 409
Let l = 6 - 4. Suppose l*r = 8*r. Suppose -j = -5*a + 445, 3*a - 4*a + 4*j + 70 = r. What are the prime factors of a?
2, 3, 5
Let y = -20389 - -46497. What are the prime factors of y?
2, 61, 107
Let g(a) = 12*a**2 + 6*a - 10. Let r(b) = 6*b - 150. Let k be r(24). List the prime factors of g(k).
2, 193
Suppose 4027 + 117132 = 35*t - 100741. List the prime factors of t.
2, 5, 317
Suppose z + 8210 = u, 4*z + 16434 = 25*u - 23*u. List the prime factors of u.
13, 631
Let k(i) = 4*i + 15. Let u(n) = -2*n - 14. Let r(s) = 2*k(s) + 3*u(s). Let p be r(7). What are the prime factors of 111 + p 